{"id":18579,"date":"2024-08-22T18:16:03","date_gmt":"2024-08-22T16:16:03","guid":{"rendered":"https:\/\/comunitamagnificat.org\/cuatro-promesas\/"},"modified":"2025-01-22T17:26:35","modified_gmt":"2025-01-22T16:26:35","slug":"cuatro-promesas","status":"publish","type":"page","link":"https:\/\/comunitamagnificat.org\/es\/cuatro-promesas\/","title":{"rendered":"Cuatro promesas"},"content":{"rendered":"\n<div style=\"height:30px\" aria-hidden=\"true\" class=\"wp-block-spacer\"><\/div>\n\n<blockquote class=\"wp-block-quote is-layout-flow wp-block-quote-is-layout-flow\">\n<p><strong><em>Os doy un mandamiento nuevo<\/em><\/strong><br\/><strong><em>que os am\u00e9is los unos a los otros.<\/em><\/strong><br\/><strong><em>Como yo os he amado<\/em><\/strong><br\/><strong><em>amaos tambi\u00e9n los unos a los otros<\/em><\/strong><\/p>\n<cite>Juan 13, 34<\/cite><\/blockquote>\n\n<div style=\"height:30px\" aria-hidden=\"true\" class=\"wp-block-spacer\"><\/div>\n\n<p>De nuevo Tarcisio Mezzetti -en el verano de 1978- estuvo en el origen de este aspecto tan importante de la espiritualidad comunitaria, tan importante que se convirti\u00f3 en el n\u00facleo del<em>Compromiso de Alianza<\/em> que los miembros de la Comunidad renuevan anualmente.<\/p>\n\n<div style=\"height:30px\" aria-hidden=\"true\" class=\"wp-block-spacer\"><\/div>\n\n<p>\u00abQuiero cuatro promesas de la Comunidad: pobreza, perd\u00f3n permanente, construcci\u00f3n del amor y servicio\u00bb.\nEsto es lo que una \u00abvoz\u00bb orden\u00f3 a Tarcisio aquel d\u00eda, mientras permanec\u00eda en oraci\u00f3n en la iglesia de su propia parroquia -San Donato all&#8217;Elce-, en el barrio universitario de Perugia, donde entonces viv\u00eda. <\/p>\n\n<div style=\"height:30px\" aria-hidden=\"true\" class=\"wp-block-spacer\"><\/div>\n\n<p>Es la voz viva de Tarcisio la que nos cuenta lo que ocurri\u00f3 y c\u00f3mo la Comunidad acept\u00f3 e hizo suya esa profec\u00eda:<\/p>\n\n<div style=\"height:30px\" aria-hidden=\"true\" class=\"wp-block-spacer\"><\/div>\n\n<div style=\"height:30px\" aria-hidden=\"true\" class=\"wp-block-spacer\"><\/div>\n\n<div class=\"wp-block-columns is-layout-flex wp-container-core-columns-is-layout-9d6595d7 wp-block-columns-is-layout-flex\">\n<div class=\"wp-block-column is-layout-flow wp-block-column-is-layout-flow\" style=\"flex-basis:15%\"><\/div>\n\n\n\n<div class=\"wp-block-column is-layout-flow wp-block-column-is-layout-flow\" style=\"flex-basis:60%\">\n<figure class=\"wp-block-embed is-type-video is-provider-youtube wp-block-embed-youtube wp-embed-aspect-16-9 wp-has-aspect-ratio\"><div class=\"wp-block-embed__wrapper\"> \n<iframe loading=\"lazy\" title=\"&quot;Voglio quattro promesse&quot;\" width=\"500\" height=\"281\" src=\"https:\/\/www.youtube.com\/embed\/nsuLIcjyHqw?feature=oembed\" frameborder=\"0\" allow=\"accelerometer; autoplay; clipboard-write; encrypted-media; gyroscope; picture-in-picture; web-share\" referrerpolicy=\"strict-origin-when-cross-origin\" allowfullscreen><\/iframe>\n <\/div><\/figure>\n<\/div>\n\n\n\n<div class=\"wp-block-column is-layout-flow wp-block-column-is-layout-flow\" style=\"flex-basis:15%\"><\/div>\n<\/div>\n\n<p><\/p>\n\n<div style=\"height:30px\" aria-hidden=\"true\" class=\"wp-block-spacer\"><\/div>\n\n<p>Le <strong><em>Cuatro Promesas<\/em> <\/strong>forman los pilares de la vida aliada.<\/p>\n\n<div style=\"height:30px\" aria-hidden=\"true\" class=\"wp-block-spacer\"><\/div>\n\n<p>As\u00ed habla el Pr\u00f3logo del Estatuto Comunitario:<\/p>\n\n<div style=\"height:30px\" aria-hidden=\"true\" class=\"wp-block-spacer\"><\/div>\n\n<p><br\/><br\/><br\/>\u00abCreemos que el Se\u00f1or, para hacernos libres y capaces de amar, con amor desinteresado, a Dios y a nuestros hermanos, nos llama a vivir seg\u00fan el esp\u00edritu de las \u00abCuatro Promesas\u00bb:<br\/><strong><em>Pobreza<\/em><\/strong>, <strong><em>Perd\u00f3n Permanente<\/em><\/strong>, <strong><em>Construcci\u00f3n del Amor<\/em><\/strong>, <strong><em>Servicio<\/em><\/strong>.<\/p>\n\n<div style=\"height:30px\" aria-hidden=\"true\" class=\"wp-block-spacer\"><\/div>\n\n<p><br\/>Creemos que la condici\u00f3n primaria y necesaria para vivir la vida comunitaria es<strong><em>la pobreza<\/em><\/strong><br\/><br\/>y con ella elegimos un estilo de vida sencillo y sobrio que sea un signo para el mundo.<\/p>\n\n<div style=\"height:30px\" aria-hidden=\"true\" class=\"wp-block-spacer\"><\/div>\n\n<p>Creemos que el <strong><em>Perd\u00f3n Permanente<\/em><\/strong><br\/><br\/><br\/>nos hace estar dispuestos a perdonar como Jes\u00fas nos perdon\u00f3 y a luchar contra la inclinaci\u00f3n al juicio.<\/p>\n\n<div style=\"height:30px\" aria-hidden=\"true\" class=\"wp-block-spacer\"><\/div>\n\n<p>Creemos que la <strong><em>Construcci\u00f3n del amor<\/em><\/strong><br\/><br\/><br\/>nos lleva a reconocer en cada hermano a la persona de Cristo y nos compromete a resolver las relaciones defectuosas dando el primer paso hacia una verdadera reconciliaci\u00f3n.<br\/><\/p>\n\n<div style=\"height:30px\" aria-hidden=\"true\" class=\"wp-block-spacer\"><\/div>\n\n<p><br\/><br\/>Creemos que la caridad generada por la Eucarist\u00eda nos hace \u00abgenerosos de coraz\u00f3n\u00bb<em>(\u00c9xodo <\/em>25:2) para vivir la<strong><em>Servicio<\/em><\/strong> a Dios, a los pobres, a la humanidad, a la Iglesia\u00bb.<\/p>\n\n<div style=\"height:50px\" aria-hidden=\"true\" class=\"wp-block-spacer\"><\/div>\n","protected":false},"excerpt":{"rendered":"<p>Os doy un mandamiento nuevoque os am\u00e9is los unos a los otros.Como yo os he amadoamaos tambi\u00e9n los unos a los otros Juan 13, 34 De nuevo Tarcisio Mezzetti -en el verano de 1978- estuvo en el origen de este aspecto tan importante de la espiritualidad comunitaria, tan importante que se convirti\u00f3 en el n\u00facleo [&hellip;]<\/p>\n","protected":false},"author":3,"featured_media":10847,"parent":0,"menu_order":0,"comment_status":"closed","ping_status":"closed","template":"","meta":{"om_disable_all_campaigns":false,"_monsterinsights_skip_tracking":false,"_monsterinsights_sitenote_active":false,"_monsterinsights_sitenote_note":"","_monsterinsights_sitenote_category":0,"_uf_show_specific_survey":0,"_uf_disable_surveys":false,"footnotes":""},"class_list":["post-18579","page","type-page","status-publish","has-post-thumbnail","hentry"],"aioseo_notices":[],"_links":{"self":[{"href":"https:\/\/comunitamagnificat.org\/es\/wp-json\/wp\/v2\/pages\/18579","targetHints":{"allow":["GET"]}}],"collection":[{"href":"https:\/\/comunitamagnificat.org\/es\/wp-json\/wp\/v2\/pages"}],"about":[{"href":"https:\/\/comunitamagnificat.org\/es\/wp-json\/wp\/v2\/types\/page"}],"author":[{"embeddable":true,"href":"https:\/\/comunitamagnificat.org\/es\/wp-json\/wp\/v2\/users\/3"}],"replies":[{"embeddable":true,"href":"https:\/\/comunitamagnificat.org\/es\/wp-json\/wp\/v2\/comments?post=18579"}],"version-history":[{"count":5,"href":"https:\/\/comunitamagnificat.org\/es\/wp-json\/wp\/v2\/pages\/18579\/revisions"}],"predecessor-version":[{"id":22593,"href":"https:\/\/comunitamagnificat.org\/es\/wp-json\/wp\/v2\/pages\/18579\/revisions\/22593"}],"wp:featuredmedia":[{"embeddable":true,"href":"https:\/\/comunitamagnificat.org\/es\/wp-json\/wp\/v2\/media\/10847"}],"wp:attachment":[{"href":"https:\/\/comunitamagnificat.org\/es\/wp-json\/wp\/v2\/media?parent=18579"}],"curies":[{"name":"wp","href":"https:\/\/api.w.org\/{rel}","templated":true}]}}

<div style="height:30px" aria-hidden="true" class="wp-block-spacer"></div>

<blockquote class="wp-block-quote is-layout-flow wp-block-quote-is-layout-flow">
<p><strong><em>Os doy un mandamiento nuevo</em></strong><br/><strong><em>que os améis los unos a los otros.</em></strong><br/><strong><em>Como yo os he amado</em></strong><br/><strong><em>amaos también los unos a los otros</em></strong></p>
<cite>Juan 13, 34</cite></blockquote>

<div style="height:30px" aria-hidden="true" class="wp-block-spacer"></div>

<p>De nuevo Tarcisio Mezzetti -en el verano de 1978- estuvo en el origen de este aspecto tan importante de la espiritualidad comunitaria, tan importante que se convirtió en el núcleo del<em>Compromiso de Alianza</em> que los miembros de la Comunidad renuevan anualmente.</p>

<div style="height:30px" aria-hidden="true" class="wp-block-spacer"></div>

<p>«Quiero cuatro promesas de la Comunidad: pobreza, perdón permanente, construcción del amor y servicio».
Esto es lo que una «voz» ordenó a Tarcisio aquel día, mientras permanecía en oración en la iglesia de su propia parroquia -San Donato all&#8217;Elce-, en el barrio universitario de Perugia, donde entonces vivía. </p>

<div style="height:30px" aria-hidden="true" class="wp-block-spacer"></div>

<p>Es la voz viva de Tarcisio la que nos cuenta lo que ocurrió y cómo la Comunidad aceptó e hizo suya esa profecía:</p>

<div style="height:30px" aria-hidden="true" class="wp-block-spacer"></div>

<div style="height:30px" aria-hidden="true" class="wp-block-spacer"></div>

<div class="wp-block-columns is-layout-flex wp-container-core-columns-is-layout-9d6595d7 wp-block-columns-is-layout-flex">
<div class="wp-block-column is-layout-flow wp-block-column-is-layout-flow" style="flex-basis:15%"></div>



<div class="wp-block-column is-layout-flow wp-block-column-is-layout-flow" style="flex-basis:60%">
<figure class="wp-block-embed is-type-video is-provider-youtube wp-block-embed-youtube wp-embed-aspect-16-9 wp-has-aspect-ratio"><div class="wp-block-embed__wrapper"> 
<iframe loading="lazy" title="&quot;Voglio quattro promesse&quot;" width="500" height="281" src="https://www.youtube.com/embed/nsuLIcjyHqw?feature=oembed" frameborder="0" allow="accelerometer; autoplay; clipboard-write; encrypted-media; gyroscope; picture-in-picture; web-share" referrerpolicy="strict-origin-when-cross-origin" allowfullscreen></iframe>
 </div></figure>
</div>



<div class="wp-block-column is-layout-flow wp-block-column-is-layout-flow" style="flex-basis:15%"></div>
</div>

<p></p>

<div style="height:30px" aria-hidden="true" class="wp-block-spacer"></div>

<p>Le <strong><em>Cuatro Promesas</em> </strong>forman los pilares de la vida aliada.</p>

<div style="height:30px" aria-hidden="true" class="wp-block-spacer"></div>

<p>Así habla el Prólogo del Estatuto Comunitario:</p>

<div style="height:30px" aria-hidden="true" class="wp-block-spacer"></div>

<p><br/><br/><br/>«Creemos que el Señor, para hacernos libres y capaces de amar, con amor desinteresado, a Dios y a nuestros hermanos, nos llama a vivir según el espíritu de las «Cuatro Promesas»:<br/><strong><em>Pobreza</em></strong>, <strong><em>Perdón Permanente</em></strong>, <strong><em>Construcción del Amor</em></strong>, <strong><em>Servicio</em></strong>.</p>

<div style="height:30px" aria-hidden="true" class="wp-block-spacer"></div>

<p><br/>Creemos que la condición primaria y necesaria para vivir la vida comunitaria es<strong><em>la pobreza</em></strong><br/><br/>y con ella elegimos un estilo de vida sencillo y sobrio que sea un signo para el mundo.</p>

<div style="height:30px" aria-hidden="true" class="wp-block-spacer"></div>

<p>Creemos que el <strong><em>Perdón Permanente</em></strong><br/><br/><br/>nos hace estar dispuestos a perdonar como Jesús nos perdonó y a luchar contra la inclinación al juicio.</p>

<div style="height:30px" aria-hidden="true" class="wp-block-spacer"></div>

<p>Creemos que la <strong><em>Construcción del amor</em></strong><br/><br/><br/>nos lleva a reconocer en cada hermano a la persona de Cristo y nos compromete a resolver las relaciones defectuosas dando el primer paso hacia una verdadera reconciliación.<br/></p>

<div style="height:30px" aria-hidden="true" class="wp-block-spacer"></div>

<p><br/><br/>Creemos que la caridad generada por la Eucaristía nos hace «generosos de corazón»<em>(Éxodo </em>25:2) para vivir la<strong><em>Servicio</em></strong> a Dios, a los pobres, a la humanidad, a la Iglesia».</p>

<div style="height:50px" aria-hidden="true" class="wp-block-spacer"></div>

<p>Os doy un mandamiento nuevoque os améis los unos a los otros.Como yo os he amadoamaos también los unos a los otros Juan 13, 34 De nuevo Tarcisio Mezzetti -en el verano de 1978- estuvo en el origen de este aspecto tan importante de la espiritualidad comunitaria, tan importante que se convirtió en el núcleo [&hellip;]</p>
