{"id":18574,"date":"2024-08-22T18:15:53","date_gmt":"2024-08-22T16:15:53","guid":{"rendered":"https:\/\/comunitamagnificat.org\/patru-promisiuni\/"},"modified":"2025-01-22T17:26:35","modified_gmt":"2025-01-22T16:26:35","slug":"patru-promisiuni","status":"publish","type":"page","link":"https:\/\/comunitamagnificat.org\/ro\/patru-promisiuni\/","title":{"rendered":"Patru promisiuni"},"content":{"rendered":"\n<div style=\"height:30px\" aria-hidden=\"true\" class=\"wp-block-spacer\"><\/div>\n\n<blockquote class=\"wp-block-quote is-layout-flow wp-block-quote-is-layout-flow\">\n<p><strong><em>V\u0103 dau o porunc\u0103 nou\u0103 <\/em><\/strong><strong><em>s\u0103 v\u0103 iubi\u021bi unii pe al\u021bii! <\/em><\/strong><strong><em>A\u015fa cum eu v-am iubit pe voi, <\/em><\/strong><strong><em>a\u0219a s\u0103 v\u0103 iubi\u021bi unii pe al\u021bii!<\/em><\/strong><\/p>\n<cite>Ioan 13, 34<\/cite><\/blockquote>\n\n<div style=\"height:30px\" aria-hidden=\"true\" class=\"wp-block-spacer\"><\/div>\n\n<p>\u00cenc\u0103 o dat\u0103, Tarcisio Mezzetti \u2013 \u00een vara anului 1978 \u2013 se afl\u0103 la originea acestui aspect foarte important al spiritualit\u0103\u021bii comunitare, at\u00e2t de important \u00eenc\u00e2t a devenit nucleul <em>Angajamentului de Alian\u021b\u0103<\/em> pe care membrii Comunit\u0103\u021bii \u00eel re\u00eennoiesc anual.<\/p>\n\n<div style=\"height:30px\" aria-hidden=\"true\" class=\"wp-block-spacer\"><\/div>\n\n<p>\u201eVreau patru promisiuni din partea Comunit\u0103\u021bii: s\u0103r\u0103cie, iertare permanent\u0103, construirea iubirii \u0219i slujire\u201d. Iat\u0103 ce i-a poruncit o \u201evoce\u201d lui Tarcisio \u00een acea zi, \u00een timp ce st\u0103tea \u00een rug\u0103ciune \u00een biserica propriei parohii \u2013 San Donato all\u2019Elce \u2013 din cartierul universitar din Perugia, unde locuia atunci. <\/p>\n\n<div style=\"height:30px\" aria-hidden=\"true\" class=\"wp-block-spacer\"><\/div>\n\n<p>Vocea vie a lui Tarcisio ne poveste\u0219te ce s-a \u00eent\u00e2mplat \u0219i cum Comunitatea a acceptat \u0219i \u0219i-a \u00eensu\u0219it aceast\u0103 profe\u021bie:<\/p>\n\n<div style=\"height:30px\" aria-hidden=\"true\" class=\"wp-block-spacer\"><\/div>\n\n<div style=\"height:30px\" aria-hidden=\"true\" class=\"wp-block-spacer\"><\/div>\n\n<div class=\"wp-block-columns is-layout-flex wp-container-core-columns-is-layout-9d6595d7 wp-block-columns-is-layout-flex\">\n<div class=\"wp-block-column is-layout-flow wp-block-column-is-layout-flow\" style=\"flex-basis:15%\"><\/div>\n\n\n\n<div class=\"wp-block-column is-layout-flow wp-block-column-is-layout-flow\" style=\"flex-basis:60%\">\n<figure class=\"wp-block-embed is-type-video is-provider-youtube wp-block-embed-youtube wp-embed-aspect-16-9 wp-has-aspect-ratio\"><div class=\"wp-block-embed__wrapper\"> \n<iframe loading=\"lazy\" title=\"&quot;Voglio quattro promesse&quot;\" width=\"500\" height=\"281\" src=\"https:\/\/www.youtube.com\/embed\/nsuLIcjyHqw?feature=oembed\" frameborder=\"0\" allow=\"accelerometer; autoplay; clipboard-write; encrypted-media; gyroscope; picture-in-picture; web-share\" referrerpolicy=\"strict-origin-when-cross-origin\" allowfullscreen><\/iframe>\n <\/div><\/figure>\n<\/div>\n\n\n\n<div class=\"wp-block-column is-layout-flow wp-block-column-is-layout-flow\" style=\"flex-basis:15%\"><\/div>\n<\/div>\n\n<p><\/p>\n\n<div style=\"height:30px\" aria-hidden=\"true\" class=\"wp-block-spacer\"><\/div>\n\n<p>Cele <em><strong>Patru promisiuni<\/strong><\/em> formeaz\u0103 pilonii vie\u021bii de aliat.<\/p>\n\n<div style=\"height:30px\" aria-hidden=\"true\" class=\"wp-block-spacer\"><\/div>\n\n<p>Iat\u0103 cum vorbe\u0219te preambulul Statutului comunitar despre aceasta:<\/p>\n\n<div style=\"height:30px\" aria-hidden=\"true\" class=\"wp-block-spacer\"><\/div>\n\n<p>\u201eCredem c\u0103 Domnul, pentru a ne face liberi \u0219i capabili s\u0103 iubim cu iubire dezinteresat\u0103 pe Dumnezeu \u0219i pe fra\u021bii \u0219i surorile noastre, ne cheam\u0103 s\u0103 tr\u0103im conform spiritului celor \u201ePatru promisiuni\u201d:<br\/><strong><em>S\u0103r\u0103cia<\/em><\/strong>, <em><strong>Iertare permanent\u0103<\/strong><\/em>, <strong><em>Construirea iubirii<\/em><\/strong>, <strong><em>Slujire<\/em><\/strong>.<\/p>\n\n<div style=\"height:30px\" aria-hidden=\"true\" class=\"wp-block-spacer\"><\/div>\n\n<p>Credem c\u0103 condi\u021bia principal\u0103 \u0219i necesar\u0103 pentru a tr\u0103i via\u021ba \u00een Comunitate este <em><strong>S\u0103r\u0103cia<\/strong><\/em>; cu ea alegem un stil de via\u021b\u0103 simplu \u0219i sobru care s\u0103 fie un semn pentru lume.<\/p>\n\n<div style=\"height:30px\" aria-hidden=\"true\" class=\"wp-block-spacer\"><\/div>\n\n<p>Credem c\u0103 <em><strong>Iertare permanent\u0103<\/strong><\/em> ne face disponibili s\u0103 iert\u0103m a\u0219a cum ne-a iertat Isus \u0219i s\u0103 combatem \u00eenclina\u021bia spre judecat\u0103.<\/p>\n\n<div style=\"height:30px\" aria-hidden=\"true\" class=\"wp-block-spacer\"><\/div>\n\n<p>Noi credem c\u0103 <strong><em>Construc\u021bia iubirii<\/em><\/strong><br\/><br\/><br\/>ne conduce s\u0103 recunoa\u0219tem \u00een fiecare frate persoana lui Hristos \u0219i ne angajeaz\u0103 s\u0103 rezolv\u0103m rela\u021biile defectuoase, f\u0103c\u00e2nd primul pas spre o adev\u0103rat\u0103 reconciliere.<br\/><\/p>\n\n<div style=\"height:30px\" aria-hidden=\"true\" class=\"wp-block-spacer\"><\/div>\n\n<p><br\/><br\/>Credem c\u0103 caritatea generat\u0103 de Euharistie ne face &#8222;genero\u0219i cu inima&#8221;<em>(Exodul <\/em>25:2) pentru a tr\u0103i<strong><em>slujire<\/em><\/strong> fa\u021b\u0103 de Dumnezeu, fa\u021b\u0103 de s\u0103raci, fa\u021b\u0103 de umanitate, fa\u021b\u0103 de Biseric\u0103&#8221;.<\/p>\n\n<div style=\"height:50px\" aria-hidden=\"true\" class=\"wp-block-spacer\"><\/div>\n","protected":false},"excerpt":{"rendered":"<p>V\u0103 dau o porunc\u0103 nou\u0103 s\u0103 v\u0103 iubi\u021bi unii pe al\u021bii! A\u015fa cum eu v-am iubit pe voi, a\u0219a s\u0103 v\u0103 iubi\u021bi unii pe al\u021bii! Ioan 13, 34 \u00cenc\u0103 o dat\u0103, Tarcisio Mezzetti \u2013 \u00een vara anului 1978 \u2013 se afl\u0103 la originea acestui aspect foarte important al spiritualit\u0103\u021bii comunitare, at\u00e2t de important \u00eenc\u00e2t a [&hellip;]<\/p>\n","protected":false},"author":3,"featured_media":10846,"parent":0,"menu_order":0,"comment_status":"closed","ping_status":"closed","template":"","meta":{"om_disable_all_campaigns":false,"_monsterinsights_skip_tracking":false,"_monsterinsights_sitenote_active":false,"_monsterinsights_sitenote_note":"","_monsterinsights_sitenote_category":0,"_uf_show_specific_survey":0,"_uf_disable_surveys":false,"footnotes":""},"class_list":["post-18574","page","type-page","status-publish","has-post-thumbnail","hentry"],"aioseo_notices":[],"_links":{"self":[{"href":"https:\/\/comunitamagnificat.org\/ro\/wp-json\/wp\/v2\/pages\/18574","targetHints":{"allow":["GET"]}}],"collection":[{"href":"https:\/\/comunitamagnificat.org\/ro\/wp-json\/wp\/v2\/pages"}],"about":[{"href":"https:\/\/comunitamagnificat.org\/ro\/wp-json\/wp\/v2\/types\/page"}],"author":[{"embeddable":true,"href":"https:\/\/comunitamagnificat.org\/ro\/wp-json\/wp\/v2\/users\/3"}],"replies":[{"embeddable":true,"href":"https:\/\/comunitamagnificat.org\/ro\/wp-json\/wp\/v2\/comments?post=18574"}],"version-history":[{"count":10,"href":"https:\/\/comunitamagnificat.org\/ro\/wp-json\/wp\/v2\/pages\/18574\/revisions"}],"predecessor-version":[{"id":22594,"href":"https:\/\/comunitamagnificat.org\/ro\/wp-json\/wp\/v2\/pages\/18574\/revisions\/22594"}],"wp:featuredmedia":[{"embeddable":true,"href":"https:\/\/comunitamagnificat.org\/ro\/wp-json\/wp\/v2\/media\/10846"}],"wp:attachment":[{"href":"https:\/\/comunitamagnificat.org\/ro\/wp-json\/wp\/v2\/media?parent=18574"}],"curies":[{"name":"wp","href":"https:\/\/api.w.org\/{rel}","templated":true}]}}

<div style="height:30px" aria-hidden="true" class="wp-block-spacer"></div>

<blockquote class="wp-block-quote is-layout-flow wp-block-quote-is-layout-flow">
<p><strong><em>Vă dau o poruncă nouă </em></strong><strong><em>să vă iubiți unii pe alții! </em></strong><strong><em>Aşa cum eu v-am iubit pe voi, </em></strong><strong><em>așa să vă iubiți unii pe alții!</em></strong></p>
<cite>Ioan 13, 34</cite></blockquote>

<div style="height:30px" aria-hidden="true" class="wp-block-spacer"></div>

<p>Încă o dată, Tarcisio Mezzetti – în vara anului 1978 – se află la originea acestui aspect foarte important al spiritualității comunitare, atât de important încât a devenit nucleul <em>Angajamentului de Alianță</em> pe care membrii Comunității îl reînnoiesc anual.</p>

<div style="height:30px" aria-hidden="true" class="wp-block-spacer"></div>

<p>„Vreau patru promisiuni din partea Comunității: sărăcie, iertare permanentă, construirea iubirii și slujire”. Iată ce i-a poruncit o „voce” lui Tarcisio în acea zi, în timp ce stătea în rugăciune în biserica propriei parohii – San Donato all’Elce – din cartierul universitar din Perugia, unde locuia atunci. </p>

<div style="height:30px" aria-hidden="true" class="wp-block-spacer"></div>

<p>Vocea vie a lui Tarcisio ne povestește ce s-a întâmplat și cum Comunitatea a acceptat și și-a însușit această profeție:</p>

<div style="height:30px" aria-hidden="true" class="wp-block-spacer"></div>

<div style="height:30px" aria-hidden="true" class="wp-block-spacer"></div>

<div class="wp-block-columns is-layout-flex wp-container-core-columns-is-layout-9d6595d7 wp-block-columns-is-layout-flex">
<div class="wp-block-column is-layout-flow wp-block-column-is-layout-flow" style="flex-basis:15%"></div>



<div class="wp-block-column is-layout-flow wp-block-column-is-layout-flow" style="flex-basis:60%">
<figure class="wp-block-embed is-type-video is-provider-youtube wp-block-embed-youtube wp-embed-aspect-16-9 wp-has-aspect-ratio"><div class="wp-block-embed__wrapper"> 
<iframe loading="lazy" title="&quot;Voglio quattro promesse&quot;" width="500" height="281" src="https://www.youtube.com/embed/nsuLIcjyHqw?feature=oembed" frameborder="0" allow="accelerometer; autoplay; clipboard-write; encrypted-media; gyroscope; picture-in-picture; web-share" referrerpolicy="strict-origin-when-cross-origin" allowfullscreen></iframe>
 </div></figure>
</div>



<div class="wp-block-column is-layout-flow wp-block-column-is-layout-flow" style="flex-basis:15%"></div>
</div>

<p></p>

<div style="height:30px" aria-hidden="true" class="wp-block-spacer"></div>

<p>Cele <em><strong>Patru promisiuni</strong></em> formează pilonii vieții de aliat.</p>

<div style="height:30px" aria-hidden="true" class="wp-block-spacer"></div>

<p>Iată cum vorbește preambulul Statutului comunitar despre aceasta:</p>

<div style="height:30px" aria-hidden="true" class="wp-block-spacer"></div>

<p>„Credem că Domnul, pentru a ne face liberi și capabili să iubim cu iubire dezinteresată pe Dumnezeu și pe frații și surorile noastre, ne cheamă să trăim conform spiritului celor „Patru promisiuni”:<br/><strong><em>Sărăcia</em></strong>, <em><strong>Iertare permanentă</strong></em>, <strong><em>Construirea iubirii</em></strong>, <strong><em>Slujire</em></strong>.</p>

<div style="height:30px" aria-hidden="true" class="wp-block-spacer"></div>

<p>Credem că condiția principală și necesară pentru a trăi viața în Comunitate este <em><strong>Sărăcia</strong></em>; cu ea alegem un stil de viață simplu și sobru care să fie un semn pentru lume.</p>

<div style="height:30px" aria-hidden="true" class="wp-block-spacer"></div>

<p>Credem că <em><strong>Iertare permanentă</strong></em> ne face disponibili să iertăm așa cum ne-a iertat Isus și să combatem înclinația spre judecată.</p>

<div style="height:30px" aria-hidden="true" class="wp-block-spacer"></div>

<p>Noi credem că <strong><em>Construcția iubirii</em></strong><br/><br/><br/>ne conduce să recunoaștem în fiecare frate persoana lui Hristos și ne angajează să rezolvăm relațiile defectuoase, făcând primul pas spre o adevărată reconciliere.<br/></p>

<div style="height:30px" aria-hidden="true" class="wp-block-spacer"></div>

<p><br/><br/>Credem că caritatea generată de Euharistie ne face &#8222;generoși cu inima&#8221;<em>(Exodul </em>25:2) pentru a trăi<strong><em>slujire</em></strong> față de Dumnezeu, față de săraci, față de umanitate, față de Biserică&#8221;.</p>

<div style="height:50px" aria-hidden="true" class="wp-block-spacer"></div>

<p>Vă dau o poruncă nouă să vă iubiți unii pe alții! Aşa cum eu v-am iubit pe voi, așa să vă iubiți unii pe alții! Ioan 13, 34 Încă o dată, Tarcisio Mezzetti – în vara anului 1978 – se află la originea acestui aspect foarte important al spiritualității comunitare, atât de important încât a [&hellip;]</p>
