{"id":19249,"date":"2024-08-23T07:40:13","date_gmt":"2024-08-23T05:40:13","guid":{"rendered":"https:\/\/comunitamagnificat.org\/seminarii-de-vindecare-interioara\/"},"modified":"2024-08-23T07:40:46","modified_gmt":"2024-08-23T05:40:46","slug":"seminarii-de-vindecare-interioara","status":"publish","type":"page","link":"https:\/\/comunitamagnificat.org\/ro\/seminarii-de-vindecare-interioara\/","title":{"rendered":"Seminarii de vindecare interioar\u0103"},"content":{"rendered":"\n<div style=\"height:30px\" aria-hidden=\"true\" class=\"wp-block-spacer\"><\/div>\n\n<blockquote class=\"wp-block-quote is-layout-flow wp-block-quote-is-layout-flow\"><p><em><strong>&#8230;el a luat asupra sa suferin\u021bele noastre,<\/strong><\/em><br\/><em><strong>a luat asupra sa durerile noastre&#8230;<\/strong><\/em><\/p><cite><em>Isaia<\/em> 53, 4<\/cite><\/blockquote>\n\n<div style=\"height:30px\" aria-hidden=\"true\" class=\"wp-block-spacer\"><\/div>\n\n<p>Una dintre carismele care s-au manifestat \u00een activitatea comunitar\u0103 de-a lungul anilor este cea a &#8222;vindec\u0103rii interioare&#8221;.\nAcest dar, de-a lungul at\u00e2tor ani, a fost dezvoltat \u0219i oferit unui num\u0103r foarte mare de persoane prin &#8222;Seminarul de vindecare&#8221; pe care Tarcisio Mezzetti &#8211; \u00eenc\u0103 de la \u00eenceputul anilor 1980 &#8211; a avut intui\u021bia de a-l propune printr-o serie de cateheze ale fra\u021bilor Dennis \u0219i Matthew Linn, urmate de momente de rug\u0103ciune ghidat\u0103, menite s\u0103 vindece r\u0103nile vie\u021bii. <\/p>\n\n<div style=\"height:30px\" aria-hidden=\"true\" class=\"wp-block-spacer\"><\/div>\n\n<p>Cu aceste cuvinte, Tarcisio a prezentat seminarul, identific\u00e2nd vindecarea total\u0103 a omului &#8211; format\u0103 din unitatea trupului, sufletului \u0219i spiritului &#8211; ca fiind condi\u021bia pentru a r\u0103spunde cu deplin\u0103 libertate la chemarea lui Dumnezeu la sfin\u021benie:<\/p>\n\n<div style=\"height:30px\" aria-hidden=\"true\" class=\"wp-block-spacer\"><\/div>\n\n<p>&#8222;<em>Atunci c\u00e2nd vorbim despre cre\u0219terea \u00een via\u021ba cre\u0219tin\u0103, vorbim \u00eentotdeauna despre dep\u0103\u0219irea numeroaselor obstacole care stau \u00een calea acestei cre\u0219teri; unul dintre principalele obstacole de dep\u0103\u0219it este nevoia de a ne elibera de leg\u0103turile care ne blocheaz\u0103, f\u0103c\u00e2ndu-ne sclavii temerilor, vinov\u0103\u021biei, r\u0103nilor noastre.\nDrumul spre \u00eenfr\u00e2nare a fost deja str\u0103b\u0103tut de Isus, dar mai este mult. <\/em><\/p>\n\n<div style=\"height:30px\" aria-hidden=\"true\" class=\"wp-block-spacer\"><\/div>\n\n<p><em>Profetul Isaia, vorbind despre &#8222;robul suferind&#8221;, a scris astfel:<\/em><\/p>\n\n<div style=\"height:30px\" aria-hidden=\"true\" class=\"wp-block-spacer\"><\/div>\n\n<p><em>&#8222;<\/em>Dispre\u021buit \u0219i batjocorit de oameni, un om al durerilor care cuno\u0219tea bine suferin\u021ba, ca unul \u00een fa\u021ba c\u0103ruia cineva \u00ee\u0219i acoper\u0103 fa\u021ba, el a fost dispre\u021buit \u0219i noi nu l-am \u021binut \u00een seam\u0103.\nCu toate acestea, el a purtat suferin\u021bele noastre, a luat asupra sa durerile noastre, iar noi l-am \u021binut \u00een pedeaps\u0103, b\u0103tut de Dumnezeu \u0219i umilit.\nEl a fost str\u0103puns pentru p\u0103catele noastre, zdrobit pentru nelegiuirile noastre.\nPedeapsa care ne d\u0103 m\u00e2ntuirea a venit asupra lui; prin r\u0103nile lui am fost vindeca\u021bi<em>&#8221; (Isaia 53: 3-5)<\/em>.   <\/p>\n\n<div style=\"height:30px\" aria-hidden=\"true\" class=\"wp-block-spacer\"><\/div>\n\n<p><em>Isus pe cruce, apoi: &#8222;<\/em>a luat asupra Sa suferin\u021bele noastre, a luat asupra Sa durerile noastre<em>&#8222;.<\/em><\/p>\n\n<div style=\"height:30px\" aria-hidden=\"true\" class=\"wp-block-spacer\"><\/div>\n\n<p><em>Cuvintele folosite \u00een ebraic\u0103 pot fi traduse fie ca &#8222;<\/em>necazuri<em>&#8222;<\/em><em>\u0219i<\/em><em>&#8222;<\/em>dureri<em>&#8222;, fie ca<\/em><em>&#8222;<\/em>boli<em>&#8221; \u0219i &#8222;<\/em>suferin\u021be<em>&#8222;.<\/em><em>&#8222;. L'&#8221;<\/em><em>afec\u021biunea<\/em><em>&#8221; \u0219i &#8222;<\/em>durerea<em>&#8221; sunt suferin\u021be ale psihicului, \u00een timp ce<\/em><em>&#8222;<\/em>boala<em>&#8221; \u0219i &#8222;<\/em>suferin\u021ba<em>&#8222;sunt dureri fizice.\nAdev\u0103rul este c\u0103 Isus a luat asupra Sa at\u00e2t suferin\u021bele fizice, c\u00e2t \u0219i cele psihice ale noastre, pentru ca prin cruce s\u0103 fim vindeca\u021bi. <\/em><\/p>\n\n<div style=\"height:30px\" aria-hidden=\"true\" class=\"wp-block-spacer\"><\/div>\n\n<p><em>Prin urmare, iubirea infinit\u0103 a lui Dumnezeu ne ajunge de pe cruce pentru a fi m\u00e2ntuirea total\u0103 a \u00eentregii noastre persoane: spirit, suflet \u0219i trup.\nPentru Scriptur\u0103, omul este \u00eentregul acestor trei dimensiuni, care nu pot fi separate.\n\u0218tim bine c\u0103 bolile spirituale au adesea repercusiuni \u0219i asupra psihicului sau a corpului, \u00een timp ce medicina psihosomatic\u0103 ne \u00eenva\u021b\u0103 c\u0103 suferin\u021bele psihice prelungite produc \u0219i boli fizice.  <\/em><\/p>\n\n<div style=\"height:30px\" aria-hidden=\"true\" class=\"wp-block-spacer\"><\/div>\n\n<p><em>Sf\u00e2ntul Pavel afirm\u0103, de asemenea, aceast\u0103 unitate a omului atunci c\u00e2nd le scrie tesalonicenilor: &#8222;<\/em>Dumnezeul p\u0103cii s\u0103 v\u0103 sfin\u021beasc\u0103 \u00een \u00eentregime \u0219i \u00eentreaga voastr\u0103 persoan\u0103, spirit, suflet \u0219i trup, s\u0103 fie p\u0103strat\u0103 nevinovat\u0103 pentru venirea Domnului nostru Iisus Hristos<em>&#8221; (1 Tesaloniceni 5: 23).<\/em><\/p>\n\n<div style=\"height:30px\" aria-hidden=\"true\" class=\"wp-block-spacer\"><\/div>\n\n<p><em>Prin urmare, cu c\u00e2t ne apropiem mai mult de Isus \u0219i devenim imitatorii Lui, cu at\u00e2t prezen\u021ba Lui ne va face mai echilibra\u021bi, mai puternici \u0219i mai maturi spiritual.<\/em><\/p>\n\n<p><em>Aceast\u0103 maturitate va da apoi roade: roade ale p\u0103cii interioare, ale rug\u0103ciunii, ale d\u0103ruirii de sine, ale r\u0103bd\u0103rii, ale for\u021bei, ale curajului \u0219i, desigur, \u0219i ale dezvolt\u0103rii perfecte a \u00eentregii noastre persoane, conform voin\u021bei milostive \u0219i iubitoare a lui Dumnezeu<\/em>.\nComunitatea, \u00een diferite forme \u0219i moduri, continu\u0103 s\u0103 ofere acest serviciu \u00een cadrul activit\u0103\u021bilor sale caritabile. <\/p>\n\n<div style=\"height:50px\" aria-hidden=\"true\" class=\"wp-block-spacer\"><\/div>\n","protected":false},"excerpt":{"rendered":"<p>&#8230;el a luat asupra sa suferin\u021bele noastre,a luat asupra sa durerile noastre&#8230; Isaia 53, 4 Una dintre carismele care s-au manifestat \u00een activitatea comunitar\u0103 de-a lungul anilor este cea a &#8222;vindec\u0103rii interioare&#8221;. Acest dar, de-a lungul at\u00e2tor ani, a fost dezvoltat \u0219i oferit unui num\u0103r foarte mare de persoane prin &#8222;Seminarul de vindecare&#8221; pe care [&hellip;]<\/p>\n","protected":false},"author":3,"featured_media":11030,"parent":0,"menu_order":0,"comment_status":"closed","ping_status":"closed","template":"","meta":{"om_disable_all_campaigns":false,"_monsterinsights_skip_tracking":false,"_monsterinsights_sitenote_active":false,"_monsterinsights_sitenote_note":"","_monsterinsights_sitenote_category":0,"_uf_show_specific_survey":0,"_uf_disable_surveys":false,"footnotes":""},"class_list":["post-19249","page","type-page","status-publish","has-post-thumbnail","hentry"],"aioseo_notices":[],"_links":{"self":[{"href":"https:\/\/comunitamagnificat.org\/ro\/wp-json\/wp\/v2\/pages\/19249","targetHints":{"allow":["GET"]}}],"collection":[{"href":"https:\/\/comunitamagnificat.org\/ro\/wp-json\/wp\/v2\/pages"}],"about":[{"href":"https:\/\/comunitamagnificat.org\/ro\/wp-json\/wp\/v2\/types\/page"}],"author":[{"embeddable":true,"href":"https:\/\/comunitamagnificat.org\/ro\/wp-json\/wp\/v2\/users\/3"}],"replies":[{"embeddable":true,"href":"https:\/\/comunitamagnificat.org\/ro\/wp-json\/wp\/v2\/comments?post=19249"}],"version-history":[{"count":1,"href":"https:\/\/comunitamagnificat.org\/ro\/wp-json\/wp\/v2\/pages\/19249\/revisions"}],"predecessor-version":[{"id":19252,"href":"https:\/\/comunitamagnificat.org\/ro\/wp-json\/wp\/v2\/pages\/19249\/revisions\/19252"}],"wp:featuredmedia":[{"embeddable":true,"href":"https:\/\/comunitamagnificat.org\/ro\/wp-json\/wp\/v2\/media\/11030"}],"wp:attachment":[{"href":"https:\/\/comunitamagnificat.org\/ro\/wp-json\/wp\/v2\/media?parent=19249"}],"curies":[{"name":"wp","href":"https:\/\/api.w.org\/{rel}","templated":true}]}}

Seminarii de vindecare interioară

<div style="height:30px" aria-hidden="true" class="wp-block-spacer"></div>

<blockquote class="wp-block-quote is-layout-flow wp-block-quote-is-layout-flow"><p><em><strong>&#8230;el a luat asupra sa suferințele noastre,</strong></em><br/><em><strong>a luat asupra sa durerile noastre&#8230;</strong></em></p><cite><em>Isaia</em> 53, 4</cite></blockquote>

<div style="height:30px" aria-hidden="true" class="wp-block-spacer"></div>

<p>Una dintre carismele care s-au manifestat în activitatea comunitară de-a lungul anilor este cea a &#8222;vindecării interioare&#8221;.
Acest dar, de-a lungul atâtor ani, a fost dezvoltat și oferit unui număr foarte mare de persoane prin &#8222;Seminarul de vindecare&#8221; pe care Tarcisio Mezzetti &#8211; încă de la începutul anilor 1980 &#8211; a avut intuiția de a-l propune printr-o serie de cateheze ale fraților Dennis și Matthew Linn, urmate de momente de rugăciune ghidată, menite să vindece rănile vieții. </p>

<div style="height:30px" aria-hidden="true" class="wp-block-spacer"></div>

<p>Cu aceste cuvinte, Tarcisio a prezentat seminarul, identificând vindecarea totală a omului &#8211; formată din unitatea trupului, sufletului și spiritului &#8211; ca fiind condiția pentru a răspunde cu deplină libertate la chemarea lui Dumnezeu la sfințenie:</p>

<div style="height:30px" aria-hidden="true" class="wp-block-spacer"></div>

<p>&#8222;<em>Atunci când vorbim despre creșterea în viața creștină, vorbim întotdeauna despre depășirea numeroaselor obstacole care stau în calea acestei creșteri; unul dintre principalele obstacole de depășit este nevoia de a ne elibera de legăturile care ne blochează, făcându-ne sclavii temerilor, vinovăției, rănilor noastre.
Drumul spre înfrânare a fost deja străbătut de Isus, dar mai este mult. </em></p>

<div style="height:30px" aria-hidden="true" class="wp-block-spacer"></div>

<p><em>Profetul Isaia, vorbind despre &#8222;robul suferind&#8221;, a scris astfel:</em></p>

<div style="height:30px" aria-hidden="true" class="wp-block-spacer"></div>

<p><em>&#8222;</em>Disprețuit și batjocorit de oameni, un om al durerilor care cunoștea bine suferința, ca unul în fața căruia cineva își acoperă fața, el a fost disprețuit și noi nu l-am ținut în seamă.
Cu toate acestea, el a purtat suferințele noastre, a luat asupra sa durerile noastre, iar noi l-am ținut în pedeapsă, bătut de Dumnezeu și umilit.
El a fost străpuns pentru păcatele noastre, zdrobit pentru nelegiuirile noastre.
Pedeapsa care ne dă mântuirea a venit asupra lui; prin rănile lui am fost vindecați<em>&#8221; (Isaia 53: 3-5)</em>.   </p>

<div style="height:30px" aria-hidden="true" class="wp-block-spacer"></div>

<p><em>Isus pe cruce, apoi: &#8222;</em>a luat asupra Sa suferințele noastre, a luat asupra Sa durerile noastre<em>&#8222;.</em></p>

<div style="height:30px" aria-hidden="true" class="wp-block-spacer"></div>

<p><em>Cuvintele folosite în ebraică pot fi traduse fie ca &#8222;</em>necazuri<em>&#8222;</em><em>și</em><em>&#8222;</em>dureri<em>&#8222;, fie ca</em><em>&#8222;</em>boli<em>&#8221; și &#8222;</em>suferințe<em>&#8222;.</em><em>&#8222;. L'&#8221;</em><em>afecțiunea</em><em>&#8221; și &#8222;</em>durerea<em>&#8221; sunt suferințe ale psihicului, în timp ce</em><em>&#8222;</em>boala<em>&#8221; și &#8222;</em>suferința<em>&#8222;sunt dureri fizice.
Adevărul este că Isus a luat asupra Sa atât suferințele fizice, cât și cele psihice ale noastre, pentru ca prin cruce să fim vindecați. </em></p>

<div style="height:30px" aria-hidden="true" class="wp-block-spacer"></div>

<p><em>Prin urmare, iubirea infinită a lui Dumnezeu ne ajunge de pe cruce pentru a fi mântuirea totală a întregii noastre persoane: spirit, suflet și trup.
Pentru Scriptură, omul este întregul acestor trei dimensiuni, care nu pot fi separate.
Știm bine că bolile spirituale au adesea repercusiuni și asupra psihicului sau a corpului, în timp ce medicina psihosomatică ne învață că suferințele psihice prelungite produc și boli fizice.  </em></p>

<div style="height:30px" aria-hidden="true" class="wp-block-spacer"></div>

<p><em>Sfântul Pavel afirmă, de asemenea, această unitate a omului atunci când le scrie tesalonicenilor: &#8222;</em>Dumnezeul păcii să vă sfințească în întregime și întreaga voastră persoană, spirit, suflet și trup, să fie păstrată nevinovată pentru venirea Domnului nostru Iisus Hristos<em>&#8221; (1 Tesaloniceni 5: 23).</em></p>

<div style="height:30px" aria-hidden="true" class="wp-block-spacer"></div>

<p><em>Prin urmare, cu cât ne apropiem mai mult de Isus și devenim imitatorii Lui, cu atât prezența Lui ne va face mai echilibrați, mai puternici și mai maturi spiritual.</em></p>

<p><em>Această maturitate va da apoi roade: roade ale păcii interioare, ale rugăciunii, ale dăruirii de sine, ale răbdării, ale forței, ale curajului și, desigur, și ale dezvoltării perfecte a întregii noastre persoane, conform voinței milostive și iubitoare a lui Dumnezeu</em>.
Comunitatea, în diferite forme și moduri, continuă să ofere acest serviciu în cadrul activităților sale caritabile. </p>

<div style="height:50px" aria-hidden="true" class="wp-block-spacer"></div>

<p>&#8230;el a luat asupra sa suferințele noastre,a luat asupra sa durerile noastre&#8230; Isaia 53, 4 Una dintre carismele care s-au manifestat în activitatea comunitară de-a lungul anilor este cea a &#8222;vindecării interioare&#8221;. Acest dar, de-a lungul atâtor ani, a fost dezvoltat și oferit unui număr foarte mare de persoane prin &#8222;Seminarul de vindecare&#8221; pe care [&hellip;]</p>
